3
Suppose 2*s - 4*f = 16, -5*s + f + 26 = -23. What is the highest common factor of 80 and s?
10
Let d be (-2 - (-10)/3)*15. Let c be 2/8 + 215/d. What is the highest common divisor of c and 77?
11
Let x be (-4)/8*20/(-2). Suppose 3*f = x*c - 45, -4*c = -4*f - 17 - 11. Calculate the highest common factor of c and 108.
12
Let v be (-8)/(-20) + 88/5. Suppose 0*j + 3*j = v. Let g(u) = -u**3 + 6*u**2 + 4*u - 6. Let z be g(j). What is the highest common divisor of z and 54?
18
Let c be 48/28 - (-4)/14. Suppose 0 = q + c, -3*v + 2*v + 82 = -5*q. Suppose -x - x = -v. Calculate the greatest common divisor of x and 9.
9
Suppose 4*g - 2*p = 172, -17*g + 14*g = p - 124. Let s be 3*-7*1/(-3). What is the highest common factor of s and g?
7
Suppose -v + 0 + 4 = -b, -5*b - 4*v + 25 = 0. Suppose 8*c - b = 4*f + 3*c, 10 = 2*c. What is the highest common divisor of f and 15?
3
Let m be 18/63 + 276/14. Calculate the highest common factor of 50 and m.
10
Let i be -1 - 0 - 52/2. Let f = -4 - -42. Let d = i + f. Calculate the greatest common divisor of 121 and d.
11
Let z(v) = 2*v + 3. Let q be z(4). Calculate the highest common factor of q and 88.
11
Let i be (-1)/3 - 3260/(-60). Suppose 3*l = -2*c + 38, -4*c - 16 = -l - 3*c. Suppose -k + l = -4. Calculate the highest common factor of i and k.
18
Let b = 5 + -2. Let o(n) = 3*n + 2. Let z be o(b). Calculate the highest common divisor of z and 33.
11
Let u be 117 + 2 + 2 - 0. Let w be (-12)/(-18)*(-66)/(-4). Calculate the greatest common divisor of w and u.
11
Suppose 64 = -3*g + 553. Let v = g + -64. Calculate the greatest common factor of 9 and v.
9
Suppose -2*q + 4 + 14 = 0. What is the greatest common divisor of 27 and q?
9
Let h = 0 - -2. Suppose 3 = 3*i, h*i + 15 = 4*k - 63. Calculate the highest common factor of 20 and k.
20
Suppose 0 = 3*z - 0*z + 3. Let q be ((-73)/(-2))/(z/(-2)). Let k be (-3)/3 - -1*q. Calculate the greatest common factor of k and 9.
9
Let f be (4 + -3)*(2 + -1). Suppose 0 = x + 3, 0*m = -m - 4*x + f. Calculate the highest common factor of 65 and m.
13
Let i(h) = h**2 + h - 4. Let s be i(-5). Let t = -2 - -4. What is the highest common factor of s and t?
2
Let v = 133 + -25. What is the highest common factor of v and 27?
27
Let g be ((-120)/14)/((-12)/84). Suppose -5*h + 4*d + 49 = -19, -8 = 4*d. Calculate the highest common factor of h and g.
12
Suppose -2*u + 4 = -5*p, -3*p = 1 - 7. Let q = u - 12. Let v be 2*26 + (-2 - q). What is the highest common divisor of v and 22?
11
Suppose 0 = x + 5*w - 0*w - 50, 0 = -2*w + 8. What is the greatest common factor of 20 and x?
10
Let g = 28 - 16. Let t = -2 + 11. Suppose d + 13 = 6*d + 2*n, 4*d + 3*n = t. Calculate the greatest common factor of g and d.
3
Let q be (-10)/(-6) + (-350)/(-15). What is the highest common divisor of q and 10?
5
Suppose -2*b - p - 9 = 0, -3*b - 3*p - 17 + 2 = 0. Let h be 3 - (b - (-1 + 1)). Calculate the highest common divisor of h and 49.
7
Suppose r + 4*h = -15, 81 = -3*r - 0*h - 3*h. Let x = -13 - r. Suppose d = 5*u - 3*d - 229, -2*d - 137 = -3*u. What is the highest common divisor of u and x?
9
Let n be (-58)/(-4) + 3/6. Let z be 4 + (-1 + 2 - 2). What is the highest common divisor of n and z?
3
Suppose 4*f = -2*v + 4*v + 250, -f - v + 55 = 0. What is the highest common divisor of f and 10?
10
Let a be (2/3)/((-4)/(-78)). Suppose -17 = -3*k + a. Let m = -1 - -11. Calculate the highest common factor of k and m.
10
Suppose -4*p + 2*f - 3*f = 20, 4*p + 20 = 3*f. Let r be (-24)/(-60) - 88/p. Calculate the highest common divisor of r and 18.
18
Suppose 5*i = -25, 0*n - 3*n + i = -125. Calculate the greatest common factor of 4 and n.
4
Suppose -132 = 2*b - 40. Let a = -20 - b. Suppose -5*z + a = 3*g - 0, z = -4*g - 5. Calculate the greatest common divisor of 77 and z.
7
Suppose -11 = -4*a - 4*s + 5, 3*s - 17 = 2*a. Let p be -40*a/(-2)*-5. Calculate the highest common factor of p and 10.
10
Let p(u) be the first derivative of u**3/3 - u**2/2 + 5*u + 8. Let h be p(0). Calculate the highest common factor of 55 and h.
5
Suppose 2*i + 5 = i. Let n be 4/10 - 68/i. What is the highest common divisor of n and 21?
7
Let u = 23 - 47. Let h = u - -39. What is the highest common factor of 5 and h?
5
Let s(i) = -i - 2. Let t be s(-8). Calculate the greatest common factor of t and 48.
6
Let t = -3 - -2. Let s be (1 + t - 11)*-9. Let d = 23 + -14. Calculate the highest common factor of s and d.
9
Let o = -123 + 193. Let c be 94/(-18) + 2/9. Let p be 142/5 + 2/c. What is the greatest common divisor of o and p?
14
Let m(y) = -y**3 + 5*y**2 + y - 1. Suppose -3*s - v + 11 = -2*v, 0 = -4*s + 5*v. Let r be m(s). Let o = -1 + 7. What is the greatest common divisor of r and o?
2
Let h(t) = -t**3 - 11*t**2 - 9*t + 10. Let s be h(-10). Suppose -330 = -3*j - s*j. Calculate the greatest common factor of 10 and j.
10
Let a(c) = -2*c - 8. Let w be a(-13). Calculate the highest common factor of 3 and w.
3
Suppose 2*c = -u + 9, -c - 6 - 3 = -u. What is the greatest common factor of u and 81?
9
Let q be 2/6 + (-178)/(-6). Let s(p) = -p**3 - 22*p**2 + 46*p - 3. Let f be s(-24). What is the highest common factor of q and f?
15
Let c(v) = 4*v**2 - v. Let l be c(1). Let x = l + 1. Suppose g = -5*b + 7, -2*b - 155 = -5*g - 3*b. Calculate the greatest common factor of x and g.
4
Let s = -93 - -131. Let u = s + -25. Suppose 0*q + 2*q + 459 = 5*w, -4*w + 4*q = -372. What is the greatest common factor of u and w?
13
Suppose -38 = -3*g - 4*k, -2*g + 36 = -3*k + 5. Let z = -474 + 918. Suppose -5*y + 186 = -z. What is the greatest common divisor of g and y?
14
Let q = -349 - -657. What is the highest common divisor of q and 28?
28
Suppose 3*z = 27 + 87. Let k = -13 + z. Calculate the greatest common factor of k and 125.
25
Let n(x) = -2*x. Suppose 3*q + 22 - 1 = 0. Let l be n(q). What is the highest common factor of l and 2?
2
Let t be 460/14 + (-2)/(-14). Let b = t + -22. Let q = -6 + b. Calculate the highest common factor of 5 and q.
5
Let f = -4 - -4. Suppose 0 = 4*z + 5*h - 11, -z + 5*h + 2 + 7 = f. Suppose 46 = 2*r - z*q, -3*r + q = r - 106. What is the greatest common divisor of 27 and r?
27
Let f(o) = o**2 - 10*o + 2. Let j be f(8). Let k = -5 - j. Calculate the greatest common factor of 36 and k.
9
Suppose -9*o + 88 = 2*o. Calculate the highest common factor of o and 12.
4
Suppose -152 = -5*m + 2*q, -2*q - 12 = 3*m - 100. Let h be -1*-1*62 - -1. Let l = -43 + h. What is the greatest common divisor of m and l?
10
Let i = -103 - -118. What is the greatest common divisor of i and 10?
5
Let v be (-57)/6*(1 - 3). Calculate the highest common divisor of 209 and v.
19
Let x = 15 - 1. Calculate the greatest common factor of x and 2.
2
Suppose -24*g + 171 = -213. Calculate the greatest common factor of 64 and g.
16
Let m be (0 - (3 - 0)) + 4. Suppose -2*g + 2*w + 43 = -m, -5*g + w + 118 = 0. Calculate the highest common factor of g and 16.
8
Let y = 99 - 48. Let p be (1 - (-4)/(-2))*1. Let l be 1 + ((-35)/p - 2). Calculate the greatest common divisor of y and l.
17
Let l(u) be the third derivative of u**5/12 - u**3/3 + 2*u**2. Let o be l(-2). What is the greatest common divisor of o and 198?
18
Suppose -45 = -4*w + w. Suppose -2*m + 5*s = 2*m - 53, 2*m - 4*s - 34 = 0. Suppose 4*z - 66 = 3*b, 3*b - 1 = -m. What is the highest common divisor of w and z?
15
Suppose -9 = -6*b + 3*b. Suppose -81 = -0*a - 3*a. Calculate the greatest common divisor of b and a.
3
Let k(v) = 0*v + 0*v - 5*v + 2*v**2 + 2*v. Let f be k(3). Let d = 8 + -2. Calculate the greatest common divisor of d and f.
3
Let o = -45 + 225. What is the highest common divisor of o and 20?
20
Let u = 4 - -3. Let g be (-12 + u)/(2/(-26)). Suppose 0 = 2*d - d - 13. What is the highest common divisor of d and g?
13
Let o = 6 - -15. What is the highest common divisor of o and 168?
21
Let t be (-4)/(-6) + (-542)/(-6). Suppose -4*c + t + 9 = 0. Suppose 0 = -5*b - 4*m + 42, 2*b + 5*m = 13 - 3. What is the highest common divisor of b and c?
5
Let s(w) = -2*w - 6*w - 3 + 4*w + 3*w. Let l be s(-4). Let c be 231/12 + l/(-4). What is the highest common divisor of 95 and c?
19
Suppose -199 = -4*q + 3*g, 3*g + 159 = 3*q + 6. Let x = 70 - q. Suppose -5*n + 28 = 4*l + 4, -3*n + 32 = -2*l. Calculate the highest common div